{"id":7574,"date":"2025-01-11T00:13:55","date_gmt":"2025-01-11T00:13:55","guid":{"rendered":"https:\/\/cubakilos.com\/tienda\/?post_type=product&#038;p=7574"},"modified":"2025-01-13T16:34:25","modified_gmt":"2025-01-13T16:34:25","slug":"caja-helado-nestle-4l","status":"publish","type":"product","link":"https:\/\/cubakilos.com\/tienda\/producto\/caja-helado-nestle-4l\/","title":{"rendered":"Caja de Helado Nestle (4 L)"},"content":{"rendered":"<ul>\n<li>1 Caja de Helado Nestle (4 L<\/li>\n<li>Antes de entregar se consultar\u00e1 al destinatario qu\u00e9 sabor prefiere seg\u00fan disponibilidad.<\/li>\n<li>Posibles sabores: fresa, mantecado, chocolate,Vainilla y naranja Pi\u00f1a.<\/li>\n<\/ul>\n","protected":false},"excerpt":{"rendered":"<p>1 Caja de Helado Nestle (4 L)<\/p>\n","protected":false},"featured_media":7576,"comment_status":"open","ping_status":"closed","template":"","meta":{"wprm-recipe-roundup-name":"","wprm-recipe-roundup-description":""},"product_brand":[],"product_cat":[79],"product_tag":[],"tiempo_entrega":[562],"provincia":[364,367,314,417,419,422],"class_list":{"0":"post-7574","1":"product","2":"type-product","3":"status-publish","4":"has-post-thumbnail","6":"product_cat-lacteos-huevos-y-helados","7":"tiempo_entrega-mshlg","8":"provincia-bayamo","9":"provincia-cauto-cristo","10":"provincia-holguin","11":"provincia-jesus-menendez","12":"provincia-las-tunas-las-tunas-2","13":"provincia-puerto-padre","15":"first","16":"instock","17":"purchasable","18":"product-type-simple"},"group_of_quantity":0,"min_quantity":0,"max_quantity":"","exclude_order_quantity_value_rules":"no","exclude_category_quantity_rules":"no","combine_variations":"no","_links":{"self":[{"href":"https:\/\/cubakilos.com\/tienda\/wp-json\/wp\/v2\/product\/7574","targetHints":{"allow":["GET"]}}],"collection":[{"href":"https:\/\/cubakilos.com\/tienda\/wp-json\/wp\/v2\/product"}],"about":[{"href":"https:\/\/cubakilos.com\/tienda\/wp-json\/wp\/v2\/types\/product"}],"replies":[{"embeddable":true,"href":"https:\/\/cubakilos.com\/tienda\/wp-json\/wp\/v2\/comments?post=7574"}],"version-history":[{"count":4,"href":"https:\/\/cubakilos.com\/tienda\/wp-json\/wp\/v2\/product\/7574\/revisions"}],"predecessor-version":[{"id":7636,"href":"https:\/\/cubakilos.com\/tienda\/wp-json\/wp\/v2\/product\/7574\/revisions\/7636"}],"wp:featuredmedia":[{"embeddable":true,"href":"https:\/\/cubakilos.com\/tienda\/wp-json\/wp\/v2\/media\/7576"}],"wp:attachment":[{"href":"https:\/\/cubakilos.com\/tienda\/wp-json\/wp\/v2\/media?parent=7574"}],"wp:term":[{"taxonomy":"product_brand","embeddable":true,"href":"https:\/\/cubakilos.com\/tienda\/wp-json\/wp\/v2\/product_brand?post=7574"},{"taxonomy":"product_cat","embeddable":true,"href":"https:\/\/cubakilos.com\/tienda\/wp-json\/wp\/v2\/product_cat?post=7574"},{"taxonomy":"product_tag","embeddable":true,"href":"https:\/\/cubakilos.com\/tienda\/wp-json\/wp\/v2\/product_tag?post=7574"},{"taxonomy":"tiempo_entrega","embeddable":true,"href":"https:\/\/cubakilos.com\/tienda\/wp-json\/wp\/v2\/tiempo_entrega?post=7574"},{"taxonomy":"provincia","embeddable":true,"href":"https:\/\/cubakilos.com\/tienda\/wp-json\/wp\/v2\/provincia?post=7574"}],"curies":[{"name":"wp","href":"https:\/\/api.w.org\/{rel}","templated":true}]}}