{"id":2468,"date":"2024-03-20T22:27:00","date_gmt":"2024-03-20T22:27:00","guid":{"rendered":"https:\/\/cubakilos.com\/tienda\/product\/turron-de-mani-260-g\/"},"modified":"2025-01-24T21:04:43","modified_gmt":"2025-01-24T21:04:43","slug":"turron-de-mani-260-g","status":"publish","type":"product","link":"https:\/\/cubakilos.com\/tienda\/producto\/turron-de-mani-260-g\/","title":{"rendered":"Turr\u00f3n de Man\u00ed (260 g)"},"content":{"rendered":"<p>1 Turr\u00f3n de Man\u00ed (260 g)<\/p>\n","protected":false},"excerpt":{"rendered":"<p>1 Turr\u00f3n de Man\u00ed (260 g)<\/p>\n","protected":false},"featured_media":2258,"comment_status":"open","ping_status":"closed","template":"","meta":{"inline_featured_image":false,"wprm-recipe-roundup-name":"","wprm-recipe-roundup-description":""},"product_brand":[],"product_cat":[78],"product_tag":[],"tiempo_entrega":[487],"provincia":[309,310,311,315,317,320,322],"class_list":{"0":"post-2468","1":"product","2":"type-product","3":"status-publish","4":"has-post-thumbnail","6":"product_cat-dulces-confituras-para-cuba","7":"tiempo_entrega-cubashop","8":"provincia-camaguey","9":"provincia-ciego-de-avila","10":"provincia-cienfuegos","11":"provincia-la-habana","12":"provincia-matanzas","13":"provincia-sancti-spiritus","14":"provincia-villa-clara","16":"first","17":"instock","18":"featured","19":"purchasable","20":"product-type-simple"},"group_of_quantity":0,"min_quantity":0,"max_quantity":"","exclude_order_quantity_value_rules":"no","exclude_category_quantity_rules":"no","combine_variations":"no","_links":{"self":[{"href":"https:\/\/cubakilos.com\/tienda\/wp-json\/wp\/v2\/product\/2468","targetHints":{"allow":["GET"]}}],"collection":[{"href":"https:\/\/cubakilos.com\/tienda\/wp-json\/wp\/v2\/product"}],"about":[{"href":"https:\/\/cubakilos.com\/tienda\/wp-json\/wp\/v2\/types\/product"}],"replies":[{"embeddable":true,"href":"https:\/\/cubakilos.com\/tienda\/wp-json\/wp\/v2\/comments?post=2468"}],"version-history":[{"count":3,"href":"https:\/\/cubakilos.com\/tienda\/wp-json\/wp\/v2\/product\/2468\/revisions"}],"predecessor-version":[{"id":7841,"href":"https:\/\/cubakilos.com\/tienda\/wp-json\/wp\/v2\/product\/2468\/revisions\/7841"}],"wp:featuredmedia":[{"embeddable":true,"href":"https:\/\/cubakilos.com\/tienda\/wp-json\/wp\/v2\/media\/2258"}],"wp:attachment":[{"href":"https:\/\/cubakilos.com\/tienda\/wp-json\/wp\/v2\/media?parent=2468"}],"wp:term":[{"taxonomy":"product_brand","embeddable":true,"href":"https:\/\/cubakilos.com\/tienda\/wp-json\/wp\/v2\/product_brand?post=2468"},{"taxonomy":"product_cat","embeddable":true,"href":"https:\/\/cubakilos.com\/tienda\/wp-json\/wp\/v2\/product_cat?post=2468"},{"taxonomy":"product_tag","embeddable":true,"href":"https:\/\/cubakilos.com\/tienda\/wp-json\/wp\/v2\/product_tag?post=2468"},{"taxonomy":"tiempo_entrega","embeddable":true,"href":"https:\/\/cubakilos.com\/tienda\/wp-json\/wp\/v2\/tiempo_entrega?post=2468"},{"taxonomy":"provincia","embeddable":true,"href":"https:\/\/cubakilos.com\/tienda\/wp-json\/wp\/v2\/provincia?post=2468"}],"curies":[{"name":"wp","href":"https:\/\/api.w.org\/{rel}","templated":true}]}}